{"id":3531,"date":"2026-02-25T21:48:37","date_gmt":"2026-02-25T21:48:37","guid":{"rendered":"https:\/\/douceurdegrasse.fr\/?page_id=3531"},"modified":"2026-02-25T22:02:32","modified_gmt":"2026-02-25T22:02:32","slug":"fondants-parfumes-artisanaux-nord","status":"publish","type":"page","link":"https:\/\/douceurdegrasse.fr\/?page_id=3531","title":{"rendered":"Zones desservies \u2013 Fondants, bougies, brumes et cr\u00e9ations artisanales dans le Nord"},"content":{"rendered":"\t\t<div data-elementor-type=\"wp-page\" data-elementor-id=\"3531\" class=\"elementor elementor-3531\">\n\t\t\t\t<div class=\"elementor-element elementor-element-b32c536 e-flex e-con-boxed e-con e-parent\" data-id=\"b32c536\" data-element_type=\"container\">\n\t\t\t\t\t<div class=\"e-con-inner\">\n\t\t\t\t<div class=\"elementor-element elementor-element-1690359 elementor-widget elementor-widget-heading\" data-id=\"1690359\" data-element_type=\"widget\" data-widget_type=\"heading.default\">\n\t\t\t\t\t<h1 class=\"elementor-heading-title elementor-size-default\">Zones desservies - Livraisons<\/h1>\t\t\t\t<\/div>\n\t\t\t\t<div class=\"elementor-element elementor-element-b895a35 elementor-widget elementor-widget-text-editor\" data-id=\"b895a35\" data-element_type=\"widget\" data-widget_type=\"text-editor.default\">\n\t\t\t\t\t\t\t\t\t<p>Mes fondants parfum\u00e9s artisanaux Nord sont fabriqu\u00e9s \u00e0 la main dans mon atelier \u00e0 Bruay\u2011sur\u2011l\u2019Escaut. Je cr\u00e9e \u00e9galement des bougies, brumes, suspensions maison et voiture, br\u00fble\u2011parfums, r\u00e9sines naturelles, bouquets de fondants et cadres parfum\u00e9s. Toutes mes cr\u00e9ations sont r\u00e9alis\u00e9es avec des parfums de Grasse et des mati\u00e8res premi\u00e8res de qualit\u00e9. Ainsi, je peux proposer une livraison soign\u00e9e dans tout le Valenciennois et le Nord.<\/p>\t\t\t\t\t\t\t\t<\/div>\n\t\t\t\t\t<\/div>\n\t\t\t\t<\/div>\n\t\t<div class=\"elementor-element elementor-element-8b69408 e-flex e-con-boxed e-con e-parent\" data-id=\"8b69408\" data-element_type=\"container\">\n\t\t\t\t\t<div class=\"e-con-inner\">\n\t\t\t\t<div class=\"elementor-element elementor-element-9329424 elementor-widget elementor-widget-heading\" data-id=\"9329424\" data-element_type=\"widget\" data-widget_type=\"heading.default\">\n\t\t\t\t\t<h2 class=\"elementor-heading-title elementor-size-default\">Fondants parfum\u00e9s artisanaux dans le Nord<\/h2>\t\t\t\t<\/div>\n\t\t\t\t<div class=\"elementor-element elementor-element-539de19 elementor-widget elementor-widget-heading\" data-id=\"539de19\" data-element_type=\"widget\" data-widget_type=\"heading.default\">\n\t\t\t\t\t<h2 class=\"elementor-heading-title elementor-size-default\">Livraison dans le Valenciennois<\/h2>\t\t\t\t<\/div>\n\t\t\t\t<div class=\"elementor-element elementor-element-b858a83 elementor-widget elementor-widget-text-editor\" data-id=\"b858a83\" data-element_type=\"widget\" data-widget_type=\"text-editor.default\">\n\t\t\t\t\t\t\t\t\t<p>Je livre mes cr\u00e9ations artisanales dans de nombreuses villes du Nord. De plus, chaque produit est pr\u00e9par\u00e9 avec soin pour garantir une exp\u00e9rience parfum\u00e9e agr\u00e9able et durable.<\/p>\t\t\t\t\t\t\t\t<\/div>\n\t\t\t\t<div class=\"elementor-element elementor-element-2bc2a00 elementor-widget elementor-widget-heading\" data-id=\"2bc2a00\" data-element_type=\"widget\" data-widget_type=\"heading.default\">\n\t\t\t\t\t<h3 class=\"elementor-heading-title elementor-size-default\">Valenciennes<\/h3>\t\t\t\t<\/div>\n\t\t\t\t\t<\/div>\n\t\t\t\t<\/div>\n\t\t<div class=\"elementor-element elementor-element-1ec84b0 e-flex e-con-boxed e-con e-parent\" data-id=\"1ec84b0\" data-element_type=\"container\">\n\t\t\t\t\t<div class=\"e-con-inner\">\n\t\t\t\t<div class=\"elementor-element elementor-element-13d999d elementor-widget elementor-widget-text-editor\" data-id=\"13d999d\" data-element_type=\"widget\" data-widget_type=\"text-editor.default\">\n\t\t\t\t\t\t\t\t\t<p>Vous recherchez des fondants parfum\u00e9s, bougies artisanales, brumes ou suspensions \u00e0 Valenciennes ? Je fabrique chaque cr\u00e9ation \u00e0 la main avec une cire v\u00e9g\u00e9tale propre et des parfums de Grasse. Ensuite, je pr\u00e9pare votre commande avec soin pour une livraison rapide dans toute la ville.<\/p>\t\t\t\t\t\t\t\t<\/div>\n\t\t\t\t<div class=\"elementor-element elementor-element-5d18de9 elementor-widget elementor-widget-heading\" data-id=\"5d18de9\" data-element_type=\"widget\" data-widget_type=\"heading.default\">\n\t\t\t\t\t<h3 class=\"elementor-heading-title elementor-size-default\">Raismes<\/h3>\t\t\t\t<\/div>\n\t\t\t\t\t<\/div>\n\t\t\t\t<\/div>\n\t\t<div class=\"elementor-element elementor-element-4bb0ff7 e-flex e-con-boxed e-con e-parent\" data-id=\"4bb0ff7\" data-element_type=\"container\">\n\t\t\t\t\t<div class=\"e-con-inner\">\n\t\t\t\t<div class=\"elementor-element elementor-element-15b0a99 elementor-widget elementor-widget-text-editor\" data-id=\"15b0a99\" data-element_type=\"widget\" data-widget_type=\"text-editor.default\">\n\t\t\t\t\t\t\t\t\t<p>Je livre \u00e0 Raismes et je propose des fondants parfum\u00e9s artisanaux dans le Nord, ainsi que des bougies, des brumes et des suspensions maison ou voiture. Par ailleurs, je cr\u00e9e chaque pi\u00e8ce \u00e0 la main et je vous livre rapidement dans votre secteur.<\/p>\t\t\t\t\t\t\t\t<\/div>\n\t\t\t\t<div class=\"elementor-element elementor-element-13d70c8 elementor-widget elementor-widget-heading\" data-id=\"13d70c8\" data-element_type=\"widget\" data-widget_type=\"heading.default\">\n\t\t\t\t\t<h3 class=\"elementor-heading-title elementor-size-default\">Saint\u2011Saulve<\/h3>\t\t\t\t<\/div>\n\t\t\t\t\t<\/div>\n\t\t\t\t<\/div>\n\t\t<div class=\"elementor-element elementor-element-f950ee8 e-flex e-con-boxed e-con e-parent\" data-id=\"f950ee8\" data-element_type=\"container\">\n\t\t\t\t\t<div class=\"e-con-inner\">\n\t\t\t\t<div class=\"elementor-element elementor-element-150af26 elementor-widget elementor-widget-text-editor\" data-id=\"150af26\" data-element_type=\"widget\" data-widget_type=\"text-editor.default\">\n\t\t\t\t\t\t\t\t\t<p>\u00c0 Saint\u2011Saulve, je livre des fondants parfum\u00e9s, des bougies artisanales, des r\u00e9sines naturelles, des cadres parfum\u00e9s et des bouquets de fondants. De plus, je cr\u00e9e chaque pi\u00e8ce avec soin afin d\u2019offrir une ambiance douce et chaleureuse dans votre int\u00e9rieur.<\/p>\t\t\t\t\t\t\t\t<\/div>\n\t\t\t\t<div class=\"elementor-element elementor-element-28ea2e2 elementor-widget elementor-widget-heading\" data-id=\"28ea2e2\" data-element_type=\"widget\" data-widget_type=\"heading.default\">\n\t\t\t\t\t<h3 class=\"elementor-heading-title elementor-size-default\">Marly<\/h3>\t\t\t\t<\/div>\n\t\t\t\t\t<\/div>\n\t\t\t\t<\/div>\n\t\t<div class=\"elementor-element elementor-element-0048ebb e-flex e-con-boxed e-con e-parent\" data-id=\"0048ebb\" data-element_type=\"container\">\n\t\t\t\t\t<div class=\"e-con-inner\">\n\t\t\t\t<div class=\"elementor-element elementor-element-f1ae417 elementor-widget elementor-widget-text-editor\" data-id=\"f1ae417\" data-element_type=\"widget\" data-widget_type=\"text-editor.default\">\n\t\t\t\t\t\t\t\t\t<p>Vous \u00eates \u00e0 Marly ? Je propose des fondants, des bougies, des brumes et des suspensions maison ou voiture. De plus, je r\u00e9alise chaque cr\u00e9ation \u00e0 la main et j\u2019accorde une attention particuli\u00e8re \u00e0 la qualit\u00e9 du parfum pour vous offrir une ambiance agr\u00e9able et durable.<\/p>\t\t\t\t\t\t\t\t<\/div>\n\t\t\t\t<div class=\"elementor-element elementor-element-a72ada2 elementor-widget elementor-widget-heading\" data-id=\"a72ada2\" data-element_type=\"widget\" data-widget_type=\"heading.default\">\n\t\t\t\t\t<h3 class=\"elementor-heading-title elementor-size-default\">Onnaing<\/h3>\t\t\t\t<\/div>\n\t\t\t\t\t<\/div>\n\t\t\t\t<\/div>\n\t\t<div class=\"elementor-element elementor-element-99db068 e-flex e-con-boxed e-con e-parent\" data-id=\"99db068\" data-element_type=\"container\">\n\t\t\t\t\t<div class=\"e-con-inner\">\n\t\t\t\t<div class=\"elementor-element elementor-element-726ff13 elementor-widget elementor-widget-text-editor\" data-id=\"726ff13\" data-element_type=\"widget\" data-widget_type=\"text-editor.default\">\n\t\t\t\t\t\t\t\t\t<p>Vous \u00eates \u00e0 Onnaing ? Je livre des fondants parfum\u00e9s artisanaux Nord, des bougies, des r\u00e9sines naturelles et des cr\u00e9ations parfum\u00e9es en lithoth\u00e9rapie. Ainsi, vous profitez d\u2019un artisanat local et de produits fabriqu\u00e9s \u00e0 la main avec des parfums de Grasse.<\/p>\t\t\t\t\t\t\t\t<\/div>\n\t\t\t\t<div class=\"elementor-element elementor-element-1c8a674 elementor-widget elementor-widget-heading\" data-id=\"1c8a674\" data-element_type=\"widget\" data-widget_type=\"heading.default\">\n\t\t\t\t\t<h3 class=\"elementor-heading-title elementor-size-default\">Denain<\/h3>\t\t\t\t<\/div>\n\t\t\t\t\t<\/div>\n\t\t\t\t<\/div>\n\t\t<div class=\"elementor-element elementor-element-f6901cb e-flex e-con-boxed e-con e-parent\" data-id=\"f6901cb\" data-element_type=\"container\">\n\t\t\t\t\t<div class=\"e-con-inner\">\n\t\t\t\t<div class=\"elementor-element elementor-element-2fe6fb5 elementor-widget elementor-widget-text-editor\" data-id=\"2fe6fb5\" data-element_type=\"widget\" data-widget_type=\"text-editor.default\">\n\t\t\t\t\t\t\t\t\t<p>\u00c0 Denain, je livre des fondants parfum\u00e9s, des bougies artisanales, des brumes et des suspensions maison ou voiture. Ensuite, je pr\u00e9pare chaque commande avec soin pour garantir une livraison rapide et s\u00e9curis\u00e9e dans votre secteur.<\/p>\t\t\t\t\t\t\t\t<\/div>\n\t\t\t\t<div class=\"elementor-element elementor-element-b3c0ba3 elementor-widget elementor-widget-heading\" data-id=\"b3c0ba3\" data-element_type=\"widget\" data-widget_type=\"heading.default\">\n\t\t\t\t\t<h2 class=\"elementor-heading-title elementor-size-default\">Livraison dans tout le Nord<\/h2>\t\t\t\t<\/div>\n\t\t\t\t<div class=\"elementor-element elementor-element-ceffb80 elementor-widget elementor-widget-text-editor\" data-id=\"ceffb80\" data-element_type=\"widget\" data-widget_type=\"text-editor.default\">\n\t\t\t\t\t\t\t\t\t<p>Je livre \u00e9galement dans tout le Nord et les Hauts\u2011de\u2011France. Mes fondants parfum\u00e9s artisanaux Nord, bougies, brumes et cr\u00e9ations parfum\u00e9es sont soigneusement prot\u00e9g\u00e9s pour arriver en parfait \u00e9tat. Ainsi, vous profitez d\u2019un artisanat local o\u00f9 que vous soyez.<\/p>\t\t\t\t\t\t\t\t<\/div>\n\t\t\t\t<div class=\"elementor-element elementor-element-9a73ff8 elementor-widget elementor-widget-heading\" data-id=\"9a73ff8\" data-element_type=\"widget\" data-widget_type=\"heading.default\">\n\t\t\t\t\t<h2 class=\"elementor-heading-title elementor-size-default\">Liens utiles<\/h2>\t\t\t\t<\/div>\n\t\t\t\t<div class=\"elementor-element elementor-element-f6bdf96 elementor-widget elementor-widget-text-editor\" data-id=\"f6bdf96\" data-element_type=\"widget\" data-widget_type=\"text-editor.default\">\n\t\t\t\t\t\t\t\t\t<p>D\u00e9couvrez tous mes produits : <a href=\"https:\/\/douceurdegrasse.fr\/\">https:\/\/douceurdegrasse.fr\/boutique\/<\/a><br \/>Voir les fondants parfum\u00e9s : <a href=\"https:\/\/douceurdegrasse.fr\/?product=fondants-parfumes-artisanaux\">https:\/\/douceurdegrasse.fr\/categorie-produit\/fondants\/<\/a><\/p>\t\t\t\t\t\t\t\t<\/div>\n\t\t\t\t<div class=\"elementor-element elementor-element-76fa06f elementor-widget elementor-widget-heading\" data-id=\"76fa06f\" data-element_type=\"widget\" data-widget_type=\"heading.default\">\n\t\t\t\t\t<h2 class=\"elementor-heading-title elementor-size-default\">Parfums de Grasse<\/h2>\t\t\t\t<\/div>\n\t\t\t\t<div class=\"elementor-element elementor-element-770b947 elementor-widget elementor-widget-text-editor\" data-id=\"770b947\" data-element_type=\"widget\" data-widget_type=\"text-editor.default\">\n\t\t\t\t\t\t\t\t\t<p>Les parfums que j\u2019utilise proviennent de Grasse, capitale mondiale du parfum : <a href=\"https:\/\/www.grasse.fr\/\">https:\/\/www.grasse.fr\/<\/a><\/p>\t\t\t\t\t\t\t\t<\/div>\n\t\t\t\t\t<\/div>\n\t\t\t\t<\/div>\n\t\t<div class=\"elementor-element elementor-element-9bf8f97 e-flex e-con-boxed e-con e-parent\" data-id=\"9bf8f97\" data-element_type=\"container\">\n\t\t\t\t\t<div class=\"e-con-inner\">\n\t\t\t\t<div class=\"elementor-element elementor-element-bac2ec8 elementor-widget elementor-widget-google_maps\" data-id=\"bac2ec8\" data-element_type=\"widget\" data-widget_type=\"google_maps.default\">\n\t\t\t\t\t\t\t<div class=\"elementor-custom-embed\">\n\t\t\t<iframe loading=\"lazy\"\n\t\t\t\t\tsrc=\"https:\/\/maps.google.com\/maps?q=Bruay-sur-L%27escaut%2C%20nord&#038;t=m&#038;z=10&#038;output=embed&#038;iwloc=near\"\n\t\t\t\t\ttitle=\"Bruay-sur-L&#039;escaut, nord\"\n\t\t\t\t\taria-label=\"Bruay-sur-L&#039;escaut, nord\"\n\t\t\t><\/iframe>\n\t\t<\/div>\n\t\t\t\t\t\t<\/div>\n\t\t\t\t\t<\/div>\n\t\t\t\t<\/div>\n\t\t\t\t<\/div>\n\t\t","protected":false},"excerpt":{"rendered":"<p>Zones desservies &#8211; Livraisons Mes fondants parfum\u00e9s artisanaux Nord sont fabriqu\u00e9s \u00e0 la main dans mon atelier \u00e0 Bruay\u2011sur\u2011l\u2019Escaut. Je cr\u00e9e \u00e9galement des bougies, brumes, suspensions maison et voiture, br\u00fble\u2011parfums, r\u00e9sines naturelles, bouquets de fondants et cadres parfum\u00e9s. Toutes mes cr\u00e9ations sont r\u00e9alis\u00e9es avec des parfums de Grasse et des mati\u00e8res premi\u00e8res de qualit\u00e9. Ainsi, [&hellip;]<\/p>\n","protected":false},"author":1,"featured_media":0,"parent":0,"menu_order":0,"comment_status":"closed","ping_status":"closed","template":"","meta":{"footnotes":""},"class_list":["post-3531","page","type-page","status-publish","hentry"],"blocksy_meta":[],"yoast_head":"<!-- This site is optimized with the Yoast SEO plugin v26.8 - https:\/\/yoast.com\/product\/yoast-seo-wordpress\/ -->\n<title>Fondants parfum\u00e9s artisanaux Nord \u2013 Livraison Valenciennes...<\/title>\n<meta name=\"description\" content=\"Cr\u00e9ations faites main, bougies, brumes, suspensions et r\u00e9sines. Livraison Raismes, Saint-Saulve et tout le Valenciennois.\" \/>\n<meta name=\"robots\" content=\"index, follow, max-snippet:-1, max-image-preview:large, max-video-preview:-1\" \/>\n<link rel=\"canonical\" href=\"https:\/\/douceurdegrasse.fr\/?page_id=3531\" \/>\n<meta property=\"og:locale\" content=\"fr_FR\" \/>\n<meta property=\"og:type\" content=\"article\" \/>\n<meta property=\"og:title\" content=\"Fondants parfum\u00e9s artisanaux Nord \u2013 Livraison Valenciennes...\" \/>\n<meta property=\"og:description\" content=\"Cr\u00e9ations faites main, bougies, brumes, suspensions et r\u00e9sines. Livraison Raismes, Saint-Saulve et tout le Valenciennois.\" \/>\n<meta property=\"og:url\" content=\"https:\/\/douceurdegrasse.fr\/?page_id=3531\" \/>\n<meta property=\"og:site_name\" content=\"Douceur de Grasse\" \/>\n<meta property=\"article:modified_time\" content=\"2026-02-25T22:02:32+00:00\" \/>\n<meta name=\"twitter:card\" content=\"summary_large_image\" \/>\n<meta name=\"twitter:label1\" content=\"Dur\u00e9e de lecture estim\u00e9e\" \/>\n\t<meta name=\"twitter:data1\" content=\"3 minutes\" \/>\n<script type=\"application\/ld+json\" class=\"yoast-schema-graph\">{\"@context\":\"https:\/\/schema.org\",\"@graph\":[{\"@type\":\"WebPage\",\"@id\":\"https:\/\/douceurdegrasse.fr\/?page_id=3531\",\"url\":\"https:\/\/douceurdegrasse.fr\/?page_id=3531\",\"name\":\"Fondants parfum\u00e9s artisanaux Nord \u2013 Livraison Valenciennes...\",\"isPartOf\":{\"@id\":\"https:\/\/darkorange-woodcock-422475.hostingersite.com\/#website\"},\"datePublished\":\"2026-02-25T21:48:37+00:00\",\"dateModified\":\"2026-02-25T22:02:32+00:00\",\"description\":\"Cr\u00e9ations faites main, bougies, brumes, suspensions et r\u00e9sines. Livraison Raismes, Saint-Saulve et tout le Valenciennois.\",\"breadcrumb\":{\"@id\":\"https:\/\/douceurdegrasse.fr\/?page_id=3531#breadcrumb\"},\"inLanguage\":\"fr-FR\",\"potentialAction\":[{\"@type\":\"ReadAction\",\"target\":[\"https:\/\/douceurdegrasse.fr\/?page_id=3531\"]}]},{\"@type\":\"BreadcrumbList\",\"@id\":\"https:\/\/douceurdegrasse.fr\/?page_id=3531#breadcrumb\",\"itemListElement\":[{\"@type\":\"ListItem\",\"position\":1,\"name\":\"Accueil\",\"item\":\"https:\/\/douceurdegrasse.fr\/\"},{\"@type\":\"ListItem\",\"position\":2,\"name\":\"Zones desservies \u2013 Fondants, bougies, brumes et cr\u00e9ations artisanales dans le Nord\"}]},{\"@type\":\"WebSite\",\"@id\":\"https:\/\/darkorange-woodcock-422475.hostingersite.com\/#website\",\"url\":\"https:\/\/darkorange-woodcock-422475.hostingersite.com\/\",\"name\":\"Douceur de Grasse\",\"description\":\"\",\"publisher\":{\"@id\":\"https:\/\/darkorange-woodcock-422475.hostingersite.com\/#organization\"},\"potentialAction\":[{\"@type\":\"SearchAction\",\"target\":{\"@type\":\"EntryPoint\",\"urlTemplate\":\"https:\/\/darkorange-woodcock-422475.hostingersite.com\/?s={search_term_string}\"},\"query-input\":{\"@type\":\"PropertyValueSpecification\",\"valueRequired\":true,\"valueName\":\"search_term_string\"}}],\"inLanguage\":\"fr-FR\"},{\"@type\":\"Organization\",\"@id\":\"https:\/\/darkorange-woodcock-422475.hostingersite.com\/#organization\",\"name\":\"Douceur de Grasse\",\"url\":\"https:\/\/darkorange-woodcock-422475.hostingersite.com\/\",\"logo\":{\"@type\":\"ImageObject\",\"inLanguage\":\"fr-FR\",\"@id\":\"https:\/\/darkorange-woodcock-422475.hostingersite.com\/#\/schema\/logo\/image\/\",\"url\":\"https:\/\/douceurdegrasse.fr\/wp-content\/uploads\/2025\/08\/Douceur-de-Grasse-1.png\",\"contentUrl\":\"https:\/\/douceurdegrasse.fr\/wp-content\/uploads\/2025\/08\/Douceur-de-Grasse-1.png\",\"width\":2000,\"height\":2000,\"caption\":\"Douceur de Grasse\"},\"image\":{\"@id\":\"https:\/\/darkorange-woodcock-422475.hostingersite.com\/#\/schema\/logo\/image\/\"}}]}<\/script>\n<!-- \/ Yoast SEO plugin. -->","yoast_head_json":{"title":"Fondants parfum\u00e9s artisanaux Nord \u2013 Livraison Valenciennes...","description":"Cr\u00e9ations faites main, bougies, brumes, suspensions et r\u00e9sines. Livraison Raismes, Saint-Saulve et tout le Valenciennois.","robots":{"index":"index","follow":"follow","max-snippet":"max-snippet:-1","max-image-preview":"max-image-preview:large","max-video-preview":"max-video-preview:-1"},"canonical":"https:\/\/douceurdegrasse.fr\/?page_id=3531","og_locale":"fr_FR","og_type":"article","og_title":"Fondants parfum\u00e9s artisanaux Nord \u2013 Livraison Valenciennes...","og_description":"Cr\u00e9ations faites main, bougies, brumes, suspensions et r\u00e9sines. Livraison Raismes, Saint-Saulve et tout le Valenciennois.","og_url":"https:\/\/douceurdegrasse.fr\/?page_id=3531","og_site_name":"Douceur de Grasse","article_modified_time":"2026-02-25T22:02:32+00:00","twitter_card":"summary_large_image","twitter_misc":{"Dur\u00e9e de lecture estim\u00e9e":"3 minutes"},"schema":{"@context":"https:\/\/schema.org","@graph":[{"@type":"WebPage","@id":"https:\/\/douceurdegrasse.fr\/?page_id=3531","url":"https:\/\/douceurdegrasse.fr\/?page_id=3531","name":"Fondants parfum\u00e9s artisanaux Nord \u2013 Livraison Valenciennes...","isPartOf":{"@id":"https:\/\/darkorange-woodcock-422475.hostingersite.com\/#website"},"datePublished":"2026-02-25T21:48:37+00:00","dateModified":"2026-02-25T22:02:32+00:00","description":"Cr\u00e9ations faites main, bougies, brumes, suspensions et r\u00e9sines. Livraison Raismes, Saint-Saulve et tout le Valenciennois.","breadcrumb":{"@id":"https:\/\/douceurdegrasse.fr\/?page_id=3531#breadcrumb"},"inLanguage":"fr-FR","potentialAction":[{"@type":"ReadAction","target":["https:\/\/douceurdegrasse.fr\/?page_id=3531"]}]},{"@type":"BreadcrumbList","@id":"https:\/\/douceurdegrasse.fr\/?page_id=3531#breadcrumb","itemListElement":[{"@type":"ListItem","position":1,"name":"Accueil","item":"https:\/\/douceurdegrasse.fr\/"},{"@type":"ListItem","position":2,"name":"Zones desservies \u2013 Fondants, bougies, brumes et cr\u00e9ations artisanales dans le Nord"}]},{"@type":"WebSite","@id":"https:\/\/darkorange-woodcock-422475.hostingersite.com\/#website","url":"https:\/\/darkorange-woodcock-422475.hostingersite.com\/","name":"Douceur de Grasse","description":"","publisher":{"@id":"https:\/\/darkorange-woodcock-422475.hostingersite.com\/#organization"},"potentialAction":[{"@type":"SearchAction","target":{"@type":"EntryPoint","urlTemplate":"https:\/\/darkorange-woodcock-422475.hostingersite.com\/?s={search_term_string}"},"query-input":{"@type":"PropertyValueSpecification","valueRequired":true,"valueName":"search_term_string"}}],"inLanguage":"fr-FR"},{"@type":"Organization","@id":"https:\/\/darkorange-woodcock-422475.hostingersite.com\/#organization","name":"Douceur de Grasse","url":"https:\/\/darkorange-woodcock-422475.hostingersite.com\/","logo":{"@type":"ImageObject","inLanguage":"fr-FR","@id":"https:\/\/darkorange-woodcock-422475.hostingersite.com\/#\/schema\/logo\/image\/","url":"https:\/\/douceurdegrasse.fr\/wp-content\/uploads\/2025\/08\/Douceur-de-Grasse-1.png","contentUrl":"https:\/\/douceurdegrasse.fr\/wp-content\/uploads\/2025\/08\/Douceur-de-Grasse-1.png","width":2000,"height":2000,"caption":"Douceur de Grasse"},"image":{"@id":"https:\/\/darkorange-woodcock-422475.hostingersite.com\/#\/schema\/logo\/image\/"}}]}},"_hostinger_reach_plugin_has_subscription_block":false,"_hostinger_reach_plugin_is_elementor":false,"jetpack_sharing_enabled":true,"_links":{"self":[{"href":"https:\/\/douceurdegrasse.fr\/index.php?rest_route=\/wp\/v2\/pages\/3531","targetHints":{"allow":["GET"]}}],"collection":[{"href":"https:\/\/douceurdegrasse.fr\/index.php?rest_route=\/wp\/v2\/pages"}],"about":[{"href":"https:\/\/douceurdegrasse.fr\/index.php?rest_route=\/wp\/v2\/types\/page"}],"author":[{"embeddable":true,"href":"https:\/\/douceurdegrasse.fr\/index.php?rest_route=\/wp\/v2\/users\/1"}],"replies":[{"embeddable":true,"href":"https:\/\/douceurdegrasse.fr\/index.php?rest_route=%2Fwp%2Fv2%2Fcomments&post=3531"}],"version-history":[{"count":44,"href":"https:\/\/douceurdegrasse.fr\/index.php?rest_route=\/wp\/v2\/pages\/3531\/revisions"}],"predecessor-version":[{"id":3576,"href":"https:\/\/douceurdegrasse.fr\/index.php?rest_route=\/wp\/v2\/pages\/3531\/revisions\/3576"}],"wp:attachment":[{"href":"https:\/\/douceurdegrasse.fr\/index.php?rest_route=%2Fwp%2Fv2%2Fmedia&parent=3531"}],"curies":[{"name":"wp","href":"https:\/\/api.w.org\/{rel}","templated":true}]}}