{"id":2637,"date":"2025-09-09T20:00:03","date_gmt":"2025-09-09T20:00:03","guid":{"rendered":"https:\/\/douceurdegrasse.fr\/?page_id=2637"},"modified":"2025-09-09T20:06:29","modified_gmt":"2025-09-09T20:06:29","slug":"les-poudres-daspirateurs","status":"publish","type":"page","link":"https:\/\/douceurdegrasse.fr\/?page_id=2637","title":{"rendered":"Les poudres d&rsquo;aspirateurs"},"content":{"rendered":"\t\t<div data-elementor-type=\"wp-page\" data-elementor-id=\"2637\" class=\"elementor elementor-2637\">\n\t\t\t\t<div class=\"elementor-element elementor-element-1aa59bc e-flex e-con-boxed e-con e-parent\" data-id=\"1aa59bc\" data-element_type=\"container\" data-e-type=\"container\">\n\t\t\t\t\t<div class=\"e-con-inner\">\n\t\t\t\t<div class=\"elementor-element elementor-element-ccefbaa elementor-widget elementor-widget-heading\" data-id=\"ccefbaa\" data-element_type=\"widget\" data-e-type=\"widget\" data-widget_type=\"heading.default\">\n\t\t\t\t\t<h1 class=\"elementor-heading-title elementor-size-default\">\ud83e\uddfc Poudres Parfum\u00e9es pour Aspirateur \u2013 Nettoyer avec \u00e9l\u00e9gance<\/h1>\t\t\t\t<\/div>\n\t\t\t\t\t<\/div>\n\t\t\t\t<\/div>\n\t\t<div class=\"elementor-element elementor-element-c109232 e-flex e-con-boxed e-con e-parent\" data-id=\"c109232\" data-element_type=\"container\" data-e-type=\"container\">\n\t\t\t\t\t<div class=\"e-con-inner\">\n\t\t\t\t<div class=\"elementor-element elementor-element-0061c04 elementor-widget elementor-widget-text-editor\" data-id=\"0061c04\" data-element_type=\"widget\" data-e-type=\"widget\" data-widget_type=\"text-editor.default\">\n\t\t\t\t\t\t\t\t\t<p>Et si chaque passage d\u2019aspirateur devenait un moment de plaisir ? Mes poudres parfum\u00e9es transforment votre routine m\u00e9nage en une exp\u00e9rience sensorielle douce et agr\u00e9able. Un int\u00e9rieur propre, frais et d\u00e9licatement parfum\u00e9\u2026 le combo parfait !<\/p>\t\t\t\t\t\t\t\t<\/div>\n\t\t\t\t\t<\/div>\n\t\t\t\t<\/div>\n\t\t<div class=\"elementor-element elementor-element-b5e8104 e-flex e-con-boxed e-con e-parent\" data-id=\"b5e8104\" data-element_type=\"container\" data-e-type=\"container\">\n\t\t\t\t\t<div class=\"e-con-inner\">\n\t\t\t\t<div class=\"elementor-element elementor-element-cee80f0 elementor-widget elementor-widget-shortcode\" data-id=\"cee80f0\" data-element_type=\"widget\" data-e-type=\"widget\" data-widget_type=\"shortcode.default\">\n\t\t\t\t\t\t\t<div class=\"elementor-shortcode\"><div class=\"woocommerce columns-6 \"><\/div><\/div>\n\t\t\t\t\t\t<\/div>\n\t\t\t\t\t<\/div>\n\t\t\t\t<\/div>\n\t\t<div class=\"elementor-element elementor-element-e6a3f87 e-flex e-con-boxed e-con e-parent\" data-id=\"e6a3f87\" data-element_type=\"container\" data-e-type=\"container\">\n\t\t\t\t\t<div class=\"e-con-inner\">\n\t\t\t\t<div class=\"elementor-element elementor-element-775de06 elementor-widget elementor-widget-heading\" data-id=\"775de06\" data-element_type=\"widget\" data-e-type=\"widget\" data-widget_type=\"heading.default\">\n\t\t\t\t\t<h2 class=\"elementor-heading-title elementor-size-default\">\ud83c\udf38 Les bienfaits de nos poudres parfum\u00e9es<\/h2>\t\t\t\t<\/div>\n\t\t\t\t\t<\/div>\n\t\t\t\t<\/div>\n\t\t<div class=\"elementor-element elementor-element-87941f4 e-flex e-con-boxed e-con e-parent\" data-id=\"87941f4\" data-element_type=\"container\" data-e-type=\"container\">\n\t\t\t\t\t<div class=\"e-con-inner\">\n\t\t\t\t<div class=\"elementor-element elementor-element-d25d030 elementor-widget elementor-widget-text-editor\" data-id=\"d25d030\" data-element_type=\"widget\" data-e-type=\"widget\" data-widget_type=\"text-editor.default\">\n\t\t\t\t\t\t\t\t\t<ul><li><p><strong>Parfum longue dur\u00e9e<\/strong> : Une fragrance qui se diffuse subtilement dans toute la maison \u00e0 chaque utilisation.<\/p><\/li><li><p><strong>Compatible avec tous les aspirateurs<\/strong> : Sac ou sans sac, elles s\u2019adaptent \u00e0 tous les mod\u00e8les.<\/p><\/li><li><p><strong>Neutralise les mauvaises odeurs<\/strong> : Fini les relents de poussi\u00e8re ou d\u2019animaux, place \u00e0 la fra\u00eecheur.<\/p><\/li><li><p><strong>Fabrication artisanale<\/strong> : Chaque poudre est pr\u00e9par\u00e9e avec soin, dans le respect des mati\u00e8res et des senteurs.<\/p><\/li><\/ul>\t\t\t\t\t\t\t\t<\/div>\n\t\t\t\t\t<\/div>\n\t\t\t\t<\/div>\n\t\t<div class=\"elementor-element elementor-element-fa29a72 e-flex e-con-boxed e-con e-parent\" data-id=\"fa29a72\" data-element_type=\"container\" data-e-type=\"container\">\n\t\t\t\t\t<div class=\"e-con-inner\">\n\t\t\t\t<div class=\"elementor-element elementor-element-cffd81d elementor-widget elementor-widget-heading\" data-id=\"cffd81d\" data-element_type=\"widget\" data-e-type=\"widget\" data-widget_type=\"heading.default\">\n\t\t\t\t\t<h2 class=\"elementor-heading-title elementor-size-default\">\ud83c\udf3f Des parfums pour tous les go\u00fbts<\/h2>\t\t\t\t<\/div>\n\t\t\t\t\t<\/div>\n\t\t\t\t<\/div>\n\t\t<div class=\"elementor-element elementor-element-adbb735 e-flex e-con-boxed e-con e-parent\" data-id=\"adbb735\" data-element_type=\"container\" data-e-type=\"container\">\n\t\t\t\t\t<div class=\"e-con-inner\">\n\t\t\t\t<div class=\"elementor-element elementor-element-4a72d6f elementor-widget elementor-widget-text-editor\" data-id=\"4a72d6f\" data-element_type=\"widget\" data-e-type=\"widget\" data-widget_type=\"text-editor.default\">\n\t\t\t\t\t\t\t\t\t<ul><li>Mono\u00ef passion<\/li><li>Bois de Oud<\/li><li>Lavande<\/li><li>Sauge fra\u00eeche&#8230;<\/li><\/ul>\t\t\t\t\t\t\t\t<\/div>\n\t\t\t\t\t<\/div>\n\t\t\t\t<\/div>\n\t\t<div class=\"elementor-element elementor-element-a983b4b e-flex e-con-boxed e-con e-parent\" data-id=\"a983b4b\" data-element_type=\"container\" data-e-type=\"container\">\n\t\t\t\t\t<div class=\"e-con-inner\">\n\t\t\t\t<div class=\"elementor-element elementor-element-bad83a8 elementor-widget elementor-widget-heading\" data-id=\"bad83a8\" data-element_type=\"widget\" data-e-type=\"widget\" data-widget_type=\"heading.default\">\n\t\t\t\t\t<h2 class=\"elementor-heading-title elementor-size-default\">\ud83c\udfe1 Comment l\u2019utiliser ?<\/h2>\t\t\t\t<\/div>\n\t\t\t\t\t<\/div>\n\t\t\t\t<\/div>\n\t\t<div class=\"elementor-element elementor-element-7b34a5f e-flex e-con-boxed e-con e-parent\" data-id=\"7b34a5f\" data-element_type=\"container\" data-e-type=\"container\">\n\t\t\t\t\t<div class=\"e-con-inner\">\n\t\t\t\t<div class=\"elementor-element elementor-element-517feb0 elementor-widget elementor-widget-text-editor\" data-id=\"517feb0\" data-element_type=\"widget\" data-e-type=\"widget\" data-widget_type=\"text-editor.default\">\n\t\t\t\t\t\t\t\t\t<p>Rien de plus simple :<\/p><ol start=\"1\"><li><p>Saupoudrez une petite quantit\u00e9 de poudre sur le sol ou directement dans le sac de votre aspirateur.<\/p><\/li><li><p>Aspirez comme d\u2019habitude.<\/p><\/li><li><p>Profitez d\u2019un parfum subtil qui se diffuse dans toute la pi\u00e8ce.<\/p><\/li><\/ol>\t\t\t\t\t\t\t\t<\/div>\n\t\t\t\t\t<\/div>\n\t\t\t\t<\/div>\n\t\t\t\t<\/div>\n\t\t","protected":false},"excerpt":{"rendered":"<p>\ud83e\uddfc Poudres Parfum\u00e9es pour Aspirateur \u2013 Nettoyer avec \u00e9l\u00e9gance Et si chaque passage d\u2019aspirateur devenait un moment de plaisir ? Mes poudres parfum\u00e9es transforment votre routine m\u00e9nage en une exp\u00e9rience sensorielle douce et agr\u00e9able. Un int\u00e9rieur propre, frais et d\u00e9licatement parfum\u00e9\u2026 le combo parfait ! \ud83c\udf38 Les bienfaits de nos poudres parfum\u00e9es Parfum longue dur\u00e9e [&hellip;]<\/p>\n","protected":false},"author":1,"featured_media":0,"parent":0,"menu_order":0,"comment_status":"closed","ping_status":"closed","template":"","meta":{"footnotes":""},"class_list":["post-2637","page","type-page","status-publish","hentry"],"blocksy_meta":[],"yoast_head":"<!-- This site is optimized with the Yoast SEO plugin v27.4 - https:\/\/yoast.com\/product\/yoast-seo-wordpress\/ -->\n<title>Les poudres d&#039;aspirateurs - Douceur de Grasse<\/title>\n<meta name=\"robots\" content=\"index, follow, max-snippet:-1, max-image-preview:large, max-video-preview:-1\" \/>\n<link rel=\"canonical\" href=\"https:\/\/douceurdegrasse.fr\/?page_id=2637\" \/>\n<meta property=\"og:locale\" content=\"fr_FR\" \/>\n<meta property=\"og:type\" content=\"article\" \/>\n<meta property=\"og:title\" content=\"Les poudres d&#039;aspirateurs - Douceur de Grasse\" \/>\n<meta property=\"og:description\" content=\"\ud83e\uddfc Poudres Parfum\u00e9es pour Aspirateur \u2013 Nettoyer avec \u00e9l\u00e9gance Et si chaque passage d\u2019aspirateur devenait un moment de plaisir ? Mes poudres parfum\u00e9es transforment votre routine m\u00e9nage en une exp\u00e9rience sensorielle douce et agr\u00e9able. Un int\u00e9rieur propre, frais et d\u00e9licatement parfum\u00e9\u2026 le combo parfait ! \ud83c\udf38 Les bienfaits de nos poudres parfum\u00e9es Parfum longue dur\u00e9e [&hellip;]\" \/>\n<meta property=\"og:url\" content=\"https:\/\/douceurdegrasse.fr\/?page_id=2637\" \/>\n<meta property=\"og:site_name\" content=\"Douceur de Grasse\" \/>\n<meta property=\"article:modified_time\" content=\"2025-09-09T20:06:29+00:00\" \/>\n<meta name=\"twitter:card\" content=\"summary_large_image\" \/>\n<meta name=\"twitter:label1\" content=\"Dur\u00e9e de lecture estim\u00e9e\" \/>\n\t<meta name=\"twitter:data1\" content=\"1 minute\" \/>\n<script type=\"application\/ld+json\" class=\"yoast-schema-graph\">{\"@context\":\"https:\\\/\\\/schema.org\",\"@graph\":[{\"@type\":\"WebPage\",\"@id\":\"https:\\\/\\\/douceurdegrasse.fr\\\/?page_id=2637\",\"url\":\"https:\\\/\\\/douceurdegrasse.fr\\\/?page_id=2637\",\"name\":\"Les poudres d'aspirateurs - Douceur de Grasse\",\"isPartOf\":{\"@id\":\"https:\\\/\\\/darkorange-woodcock-422475.hostingersite.com\\\/#website\"},\"datePublished\":\"2025-09-09T20:00:03+00:00\",\"dateModified\":\"2025-09-09T20:06:29+00:00\",\"breadcrumb\":{\"@id\":\"https:\\\/\\\/douceurdegrasse.fr\\\/?page_id=2637#breadcrumb\"},\"inLanguage\":\"fr-FR\",\"potentialAction\":[{\"@type\":\"ReadAction\",\"target\":[\"https:\\\/\\\/douceurdegrasse.fr\\\/?page_id=2637\"]}]},{\"@type\":\"BreadcrumbList\",\"@id\":\"https:\\\/\\\/douceurdegrasse.fr\\\/?page_id=2637#breadcrumb\",\"itemListElement\":[{\"@type\":\"ListItem\",\"position\":1,\"name\":\"Accueil\",\"item\":\"https:\\\/\\\/douceurdegrasse.fr\\\/\"},{\"@type\":\"ListItem\",\"position\":2,\"name\":\"Les poudres d&rsquo;aspirateurs\"}]},{\"@type\":\"WebSite\",\"@id\":\"https:\\\/\\\/darkorange-woodcock-422475.hostingersite.com\\\/#website\",\"url\":\"https:\\\/\\\/darkorange-woodcock-422475.hostingersite.com\\\/\",\"name\":\"Douceur de Grasse\",\"description\":\"\",\"publisher\":{\"@id\":\"https:\\\/\\\/darkorange-woodcock-422475.hostingersite.com\\\/#organization\"},\"potentialAction\":[{\"@type\":\"SearchAction\",\"target\":{\"@type\":\"EntryPoint\",\"urlTemplate\":\"https:\\\/\\\/darkorange-woodcock-422475.hostingersite.com\\\/?s={search_term_string}\"},\"query-input\":{\"@type\":\"PropertyValueSpecification\",\"valueRequired\":true,\"valueName\":\"search_term_string\"}}],\"inLanguage\":\"fr-FR\"},{\"@type\":\"Organization\",\"@id\":\"https:\\\/\\\/darkorange-woodcock-422475.hostingersite.com\\\/#organization\",\"name\":\"Douceur de Grasse\",\"url\":\"https:\\\/\\\/darkorange-woodcock-422475.hostingersite.com\\\/\",\"logo\":{\"@type\":\"ImageObject\",\"inLanguage\":\"fr-FR\",\"@id\":\"https:\\\/\\\/darkorange-woodcock-422475.hostingersite.com\\\/#\\\/schema\\\/logo\\\/image\\\/\",\"url\":\"https:\\\/\\\/douceurdegrasse.fr\\\/wp-content\\\/uploads\\\/2025\\\/08\\\/Douceur-de-Grasse-1.png\",\"contentUrl\":\"https:\\\/\\\/douceurdegrasse.fr\\\/wp-content\\\/uploads\\\/2025\\\/08\\\/Douceur-de-Grasse-1.png\",\"width\":2000,\"height\":2000,\"caption\":\"Douceur de Grasse\"},\"image\":{\"@id\":\"https:\\\/\\\/darkorange-woodcock-422475.hostingersite.com\\\/#\\\/schema\\\/logo\\\/image\\\/\"}}]}<\/script>\n<!-- \/ Yoast SEO plugin. -->","yoast_head_json":{"title":"Les poudres d'aspirateurs - Douceur de Grasse","robots":{"index":"index","follow":"follow","max-snippet":"max-snippet:-1","max-image-preview":"max-image-preview:large","max-video-preview":"max-video-preview:-1"},"canonical":"https:\/\/douceurdegrasse.fr\/?page_id=2637","og_locale":"fr_FR","og_type":"article","og_title":"Les poudres d'aspirateurs - Douceur de Grasse","og_description":"\ud83e\uddfc Poudres Parfum\u00e9es pour Aspirateur \u2013 Nettoyer avec \u00e9l\u00e9gance Et si chaque passage d\u2019aspirateur devenait un moment de plaisir ? Mes poudres parfum\u00e9es transforment votre routine m\u00e9nage en une exp\u00e9rience sensorielle douce et agr\u00e9able. Un int\u00e9rieur propre, frais et d\u00e9licatement parfum\u00e9\u2026 le combo parfait ! \ud83c\udf38 Les bienfaits de nos poudres parfum\u00e9es Parfum longue dur\u00e9e [&hellip;]","og_url":"https:\/\/douceurdegrasse.fr\/?page_id=2637","og_site_name":"Douceur de Grasse","article_modified_time":"2025-09-09T20:06:29+00:00","twitter_card":"summary_large_image","twitter_misc":{"Dur\u00e9e de lecture estim\u00e9e":"1 minute"},"schema":{"@context":"https:\/\/schema.org","@graph":[{"@type":"WebPage","@id":"https:\/\/douceurdegrasse.fr\/?page_id=2637","url":"https:\/\/douceurdegrasse.fr\/?page_id=2637","name":"Les poudres d'aspirateurs - Douceur de Grasse","isPartOf":{"@id":"https:\/\/darkorange-woodcock-422475.hostingersite.com\/#website"},"datePublished":"2025-09-09T20:00:03+00:00","dateModified":"2025-09-09T20:06:29+00:00","breadcrumb":{"@id":"https:\/\/douceurdegrasse.fr\/?page_id=2637#breadcrumb"},"inLanguage":"fr-FR","potentialAction":[{"@type":"ReadAction","target":["https:\/\/douceurdegrasse.fr\/?page_id=2637"]}]},{"@type":"BreadcrumbList","@id":"https:\/\/douceurdegrasse.fr\/?page_id=2637#breadcrumb","itemListElement":[{"@type":"ListItem","position":1,"name":"Accueil","item":"https:\/\/douceurdegrasse.fr\/"},{"@type":"ListItem","position":2,"name":"Les poudres d&rsquo;aspirateurs"}]},{"@type":"WebSite","@id":"https:\/\/darkorange-woodcock-422475.hostingersite.com\/#website","url":"https:\/\/darkorange-woodcock-422475.hostingersite.com\/","name":"Douceur de Grasse","description":"","publisher":{"@id":"https:\/\/darkorange-woodcock-422475.hostingersite.com\/#organization"},"potentialAction":[{"@type":"SearchAction","target":{"@type":"EntryPoint","urlTemplate":"https:\/\/darkorange-woodcock-422475.hostingersite.com\/?s={search_term_string}"},"query-input":{"@type":"PropertyValueSpecification","valueRequired":true,"valueName":"search_term_string"}}],"inLanguage":"fr-FR"},{"@type":"Organization","@id":"https:\/\/darkorange-woodcock-422475.hostingersite.com\/#organization","name":"Douceur de Grasse","url":"https:\/\/darkorange-woodcock-422475.hostingersite.com\/","logo":{"@type":"ImageObject","inLanguage":"fr-FR","@id":"https:\/\/darkorange-woodcock-422475.hostingersite.com\/#\/schema\/logo\/image\/","url":"https:\/\/douceurdegrasse.fr\/wp-content\/uploads\/2025\/08\/Douceur-de-Grasse-1.png","contentUrl":"https:\/\/douceurdegrasse.fr\/wp-content\/uploads\/2025\/08\/Douceur-de-Grasse-1.png","width":2000,"height":2000,"caption":"Douceur de Grasse"},"image":{"@id":"https:\/\/darkorange-woodcock-422475.hostingersite.com\/#\/schema\/logo\/image\/"}}]}},"_hostinger_reach_plugin_has_subscription_block":false,"_hostinger_reach_plugin_is_elementor":false,"jetpack_sharing_enabled":true,"_links":{"self":[{"href":"https:\/\/douceurdegrasse.fr\/index.php?rest_route=\/wp\/v2\/pages\/2637","targetHints":{"allow":["GET"]}}],"collection":[{"href":"https:\/\/douceurdegrasse.fr\/index.php?rest_route=\/wp\/v2\/pages"}],"about":[{"href":"https:\/\/douceurdegrasse.fr\/index.php?rest_route=\/wp\/v2\/types\/page"}],"author":[{"embeddable":true,"href":"https:\/\/douceurdegrasse.fr\/index.php?rest_route=\/wp\/v2\/users\/1"}],"replies":[{"embeddable":true,"href":"https:\/\/douceurdegrasse.fr\/index.php?rest_route=%2Fwp%2Fv2%2Fcomments&post=2637"}],"version-history":[{"count":4,"href":"https:\/\/douceurdegrasse.fr\/index.php?rest_route=\/wp\/v2\/pages\/2637\/revisions"}],"predecessor-version":[{"id":2642,"href":"https:\/\/douceurdegrasse.fr\/index.php?rest_route=\/wp\/v2\/pages\/2637\/revisions\/2642"}],"wp:attachment":[{"href":"https:\/\/douceurdegrasse.fr\/index.php?rest_route=%2Fwp%2Fv2%2Fmedia&parent=2637"}],"curies":[{"name":"wp","href":"https:\/\/api.w.org\/{rel}","templated":true}]}}