{"id":2626,"date":"2025-09-09T19:51:42","date_gmt":"2025-09-09T19:51:42","guid":{"rendered":"https:\/\/douceurdegrasse.fr\/?page_id=2626"},"modified":"2025-09-09T19:55:11","modified_gmt":"2025-09-09T19:55:11","slug":"les-suspensions-voitures","status":"publish","type":"page","link":"https:\/\/douceurdegrasse.fr\/?page_id=2626","title":{"rendered":"Les suspensions voitures"},"content":{"rendered":"\t\t<div data-elementor-type=\"wp-page\" data-elementor-id=\"2626\" class=\"elementor elementor-2626\">\n\t\t\t\t<div class=\"elementor-element elementor-element-cd5a4ce e-flex e-con-boxed e-con e-parent\" data-id=\"cd5a4ce\" data-element_type=\"container\" data-e-type=\"container\">\n\t\t\t\t\t<div class=\"e-con-inner\">\n\t\t\t\t<div class=\"elementor-element elementor-element-50d8f8c elementor-widget elementor-widget-heading\" data-id=\"50d8f8c\" data-element_type=\"widget\" data-e-type=\"widget\" data-widget_type=\"heading.default\">\n\t\t\t\t\t<h1 class=\"elementor-heading-title elementor-size-default\">\ud83d\ude97 Suspensions Parfum\u00e9es pour Voiture \u2013 L\u2019\u00e9l\u00e9gance au quotidien<\/h1>\t\t\t\t<\/div>\n\t\t\t\t\t<\/div>\n\t\t\t\t<\/div>\n\t\t<div class=\"elementor-element elementor-element-037bb84 e-flex e-con-boxed e-con e-parent\" data-id=\"037bb84\" data-element_type=\"container\" data-e-type=\"container\">\n\t\t\t\t\t<div class=\"e-con-inner\">\n\t\t\t\t<div class=\"elementor-element elementor-element-e93db1f elementor-widget elementor-widget-text-editor\" data-id=\"e93db1f\" data-element_type=\"widget\" data-e-type=\"widget\" data-widget_type=\"text-editor.default\">\n\t\t\t\t\t\t\t\t\t<p>Transformez chaque trajet en une exp\u00e9rience sensorielle unique gr\u00e2ce \u00e0 nos suspensions parfum\u00e9es pour voiture. Bien plus qu\u2019un simple d\u00e9sodorisant, elles sont le reflet de votre personnalit\u00e9, alliant esth\u00e9tique et senteurs raffin\u00e9es.<\/p>\t\t\t\t\t\t\t\t<\/div>\n\t\t\t\t\t<\/div>\n\t\t\t\t<\/div>\n\t\t<div class=\"elementor-element elementor-element-a82cfec e-flex e-con-boxed e-con e-parent\" data-id=\"a82cfec\" data-element_type=\"container\" data-e-type=\"container\">\n\t\t\t\t\t<div class=\"e-con-inner\">\n\t\t\t\t<div class=\"elementor-element elementor-element-3bb64f6 elementor-widget elementor-widget-heading\" data-id=\"3bb64f6\" data-element_type=\"widget\" data-e-type=\"widget\" data-widget_type=\"heading.default\">\n\t\t\t\t\t<h2 class=\"elementor-heading-title elementor-size-default\">\ud83c\udf3f <strong>Pourquoi choisir nos suspensions parfum\u00e9es ?<\/strong><\/h2>\t\t\t\t<\/div>\n\t\t\t\t\t<\/div>\n\t\t\t\t<\/div>\n\t\t<div class=\"elementor-element elementor-element-624c1f9 e-flex e-con-boxed e-con e-parent\" data-id=\"624c1f9\" data-element_type=\"container\" data-e-type=\"container\">\n\t\t\t\t\t<div class=\"e-con-inner\">\n\t\t\t\t<div class=\"elementor-element elementor-element-3e440ae elementor-widget elementor-widget-text-editor\" data-id=\"3e440ae\" data-element_type=\"widget\" data-e-type=\"widget\" data-widget_type=\"text-editor.default\">\n\t\t\t\t\t\t\t\t\t<ul><li><p><strong>Design soign\u00e9<\/strong> : Chaque suspension est con\u00e7ue avec go\u00fbt pour s\u2019int\u00e9grer harmonieusement \u00e0 l\u2019int\u00e9rieur de votre v\u00e9hicule.<\/p><\/li><li><p><strong>Parfums de qualit\u00e9<\/strong> : Des fragrances \u00e9labor\u00e9es avec des essences naturelles, pour une diffusion douce et durable.<\/p><\/li><li><p><strong>Fabrication artisanale<\/strong> : Fait main avec amour, chaque pi\u00e8ce est unique.<\/p><\/li><li><p><strong>\u00c9co-responsable<\/strong> : Mat\u00e9riaux durables et emballages recyclables, pour un geste beaut\u00e9 qui respecte la plan\u00e8te.<\/p><\/li><\/ul>\t\t\t\t\t\t\t\t<\/div>\n\t\t\t\t\t<\/div>\n\t\t\t\t<\/div>\n\t\t<div class=\"elementor-element elementor-element-f00bc24 e-flex e-con-boxed e-con e-parent\" data-id=\"f00bc24\" data-element_type=\"container\" data-e-type=\"container\">\n\t\t\t\t\t<div class=\"e-con-inner\">\n\t\t\t\t<div class=\"elementor-element elementor-element-ac5995f elementor-widget elementor-widget-shortcode\" data-id=\"ac5995f\" data-element_type=\"widget\" data-e-type=\"widget\" data-widget_type=\"shortcode.default\">\n\t\t\t\t\t\t\t<div class=\"elementor-shortcode\"><div class=\"woocommerce columns-6 \"><\/div><\/div>\n\t\t\t\t\t\t<\/div>\n\t\t\t\t\t<\/div>\n\t\t\t\t<\/div>\n\t\t\t\t<\/div>\n\t\t","protected":false},"excerpt":{"rendered":"<p>\ud83d\ude97 Suspensions Parfum\u00e9es pour Voiture \u2013 L\u2019\u00e9l\u00e9gance au quotidien Transformez chaque trajet en une exp\u00e9rience sensorielle unique gr\u00e2ce \u00e0 nos suspensions parfum\u00e9es pour voiture. Bien plus qu\u2019un simple d\u00e9sodorisant, elles sont le reflet de votre personnalit\u00e9, alliant esth\u00e9tique et senteurs raffin\u00e9es. \ud83c\udf3f Pourquoi choisir nos suspensions parfum\u00e9es ? Design soign\u00e9 : Chaque suspension est con\u00e7ue [&hellip;]<\/p>\n","protected":false},"author":1,"featured_media":0,"parent":0,"menu_order":0,"comment_status":"closed","ping_status":"closed","template":"","meta":{"footnotes":""},"class_list":["post-2626","page","type-page","status-publish","hentry"],"blocksy_meta":[],"yoast_head":"<!-- This site is optimized with the Yoast SEO plugin v27.4 - https:\/\/yoast.com\/product\/yoast-seo-wordpress\/ -->\n<title>Les suspensions voitures - Douceur de Grasse<\/title>\n<meta name=\"robots\" content=\"index, follow, max-snippet:-1, max-image-preview:large, max-video-preview:-1\" \/>\n<link rel=\"canonical\" href=\"https:\/\/douceurdegrasse.fr\/?page_id=2626\" \/>\n<meta property=\"og:locale\" content=\"fr_FR\" \/>\n<meta property=\"og:type\" content=\"article\" \/>\n<meta property=\"og:title\" content=\"Les suspensions voitures - Douceur de Grasse\" \/>\n<meta property=\"og:description\" content=\"\ud83d\ude97 Suspensions Parfum\u00e9es pour Voiture \u2013 L\u2019\u00e9l\u00e9gance au quotidien Transformez chaque trajet en une exp\u00e9rience sensorielle unique gr\u00e2ce \u00e0 nos suspensions parfum\u00e9es pour voiture. Bien plus qu\u2019un simple d\u00e9sodorisant, elles sont le reflet de votre personnalit\u00e9, alliant esth\u00e9tique et senteurs raffin\u00e9es. \ud83c\udf3f Pourquoi choisir nos suspensions parfum\u00e9es ? Design soign\u00e9 : Chaque suspension est con\u00e7ue [&hellip;]\" \/>\n<meta property=\"og:url\" content=\"https:\/\/douceurdegrasse.fr\/?page_id=2626\" \/>\n<meta property=\"og:site_name\" content=\"Douceur de Grasse\" \/>\n<meta property=\"article:modified_time\" content=\"2025-09-09T19:55:11+00:00\" \/>\n<meta name=\"twitter:card\" content=\"summary_large_image\" \/>\n<meta name=\"twitter:label1\" content=\"Dur\u00e9e de lecture estim\u00e9e\" \/>\n\t<meta name=\"twitter:data1\" content=\"2 minutes\" \/>\n<script type=\"application\/ld+json\" class=\"yoast-schema-graph\">{\"@context\":\"https:\\\/\\\/schema.org\",\"@graph\":[{\"@type\":\"WebPage\",\"@id\":\"https:\\\/\\\/douceurdegrasse.fr\\\/?page_id=2626\",\"url\":\"https:\\\/\\\/douceurdegrasse.fr\\\/?page_id=2626\",\"name\":\"Les suspensions voitures - Douceur de Grasse\",\"isPartOf\":{\"@id\":\"https:\\\/\\\/darkorange-woodcock-422475.hostingersite.com\\\/#website\"},\"datePublished\":\"2025-09-09T19:51:42+00:00\",\"dateModified\":\"2025-09-09T19:55:11+00:00\",\"breadcrumb\":{\"@id\":\"https:\\\/\\\/douceurdegrasse.fr\\\/?page_id=2626#breadcrumb\"},\"inLanguage\":\"fr-FR\",\"potentialAction\":[{\"@type\":\"ReadAction\",\"target\":[\"https:\\\/\\\/douceurdegrasse.fr\\\/?page_id=2626\"]}]},{\"@type\":\"BreadcrumbList\",\"@id\":\"https:\\\/\\\/douceurdegrasse.fr\\\/?page_id=2626#breadcrumb\",\"itemListElement\":[{\"@type\":\"ListItem\",\"position\":1,\"name\":\"Accueil\",\"item\":\"https:\\\/\\\/douceurdegrasse.fr\\\/\"},{\"@type\":\"ListItem\",\"position\":2,\"name\":\"Les suspensions voitures\"}]},{\"@type\":\"WebSite\",\"@id\":\"https:\\\/\\\/darkorange-woodcock-422475.hostingersite.com\\\/#website\",\"url\":\"https:\\\/\\\/darkorange-woodcock-422475.hostingersite.com\\\/\",\"name\":\"Douceur de Grasse\",\"description\":\"\",\"publisher\":{\"@id\":\"https:\\\/\\\/darkorange-woodcock-422475.hostingersite.com\\\/#organization\"},\"potentialAction\":[{\"@type\":\"SearchAction\",\"target\":{\"@type\":\"EntryPoint\",\"urlTemplate\":\"https:\\\/\\\/darkorange-woodcock-422475.hostingersite.com\\\/?s={search_term_string}\"},\"query-input\":{\"@type\":\"PropertyValueSpecification\",\"valueRequired\":true,\"valueName\":\"search_term_string\"}}],\"inLanguage\":\"fr-FR\"},{\"@type\":\"Organization\",\"@id\":\"https:\\\/\\\/darkorange-woodcock-422475.hostingersite.com\\\/#organization\",\"name\":\"Douceur de Grasse\",\"url\":\"https:\\\/\\\/darkorange-woodcock-422475.hostingersite.com\\\/\",\"logo\":{\"@type\":\"ImageObject\",\"inLanguage\":\"fr-FR\",\"@id\":\"https:\\\/\\\/darkorange-woodcock-422475.hostingersite.com\\\/#\\\/schema\\\/logo\\\/image\\\/\",\"url\":\"https:\\\/\\\/douceurdegrasse.fr\\\/wp-content\\\/uploads\\\/2025\\\/08\\\/Douceur-de-Grasse-1.png\",\"contentUrl\":\"https:\\\/\\\/douceurdegrasse.fr\\\/wp-content\\\/uploads\\\/2025\\\/08\\\/Douceur-de-Grasse-1.png\",\"width\":2000,\"height\":2000,\"caption\":\"Douceur de Grasse\"},\"image\":{\"@id\":\"https:\\\/\\\/darkorange-woodcock-422475.hostingersite.com\\\/#\\\/schema\\\/logo\\\/image\\\/\"}}]}<\/script>\n<!-- \/ Yoast SEO plugin. -->","yoast_head_json":{"title":"Les suspensions voitures - Douceur de Grasse","robots":{"index":"index","follow":"follow","max-snippet":"max-snippet:-1","max-image-preview":"max-image-preview:large","max-video-preview":"max-video-preview:-1"},"canonical":"https:\/\/douceurdegrasse.fr\/?page_id=2626","og_locale":"fr_FR","og_type":"article","og_title":"Les suspensions voitures - Douceur de Grasse","og_description":"\ud83d\ude97 Suspensions Parfum\u00e9es pour Voiture \u2013 L\u2019\u00e9l\u00e9gance au quotidien Transformez chaque trajet en une exp\u00e9rience sensorielle unique gr\u00e2ce \u00e0 nos suspensions parfum\u00e9es pour voiture. Bien plus qu\u2019un simple d\u00e9sodorisant, elles sont le reflet de votre personnalit\u00e9, alliant esth\u00e9tique et senteurs raffin\u00e9es. \ud83c\udf3f Pourquoi choisir nos suspensions parfum\u00e9es ? Design soign\u00e9 : Chaque suspension est con\u00e7ue [&hellip;]","og_url":"https:\/\/douceurdegrasse.fr\/?page_id=2626","og_site_name":"Douceur de Grasse","article_modified_time":"2025-09-09T19:55:11+00:00","twitter_card":"summary_large_image","twitter_misc":{"Dur\u00e9e de lecture estim\u00e9e":"2 minutes"},"schema":{"@context":"https:\/\/schema.org","@graph":[{"@type":"WebPage","@id":"https:\/\/douceurdegrasse.fr\/?page_id=2626","url":"https:\/\/douceurdegrasse.fr\/?page_id=2626","name":"Les suspensions voitures - Douceur de Grasse","isPartOf":{"@id":"https:\/\/darkorange-woodcock-422475.hostingersite.com\/#website"},"datePublished":"2025-09-09T19:51:42+00:00","dateModified":"2025-09-09T19:55:11+00:00","breadcrumb":{"@id":"https:\/\/douceurdegrasse.fr\/?page_id=2626#breadcrumb"},"inLanguage":"fr-FR","potentialAction":[{"@type":"ReadAction","target":["https:\/\/douceurdegrasse.fr\/?page_id=2626"]}]},{"@type":"BreadcrumbList","@id":"https:\/\/douceurdegrasse.fr\/?page_id=2626#breadcrumb","itemListElement":[{"@type":"ListItem","position":1,"name":"Accueil","item":"https:\/\/douceurdegrasse.fr\/"},{"@type":"ListItem","position":2,"name":"Les suspensions voitures"}]},{"@type":"WebSite","@id":"https:\/\/darkorange-woodcock-422475.hostingersite.com\/#website","url":"https:\/\/darkorange-woodcock-422475.hostingersite.com\/","name":"Douceur de Grasse","description":"","publisher":{"@id":"https:\/\/darkorange-woodcock-422475.hostingersite.com\/#organization"},"potentialAction":[{"@type":"SearchAction","target":{"@type":"EntryPoint","urlTemplate":"https:\/\/darkorange-woodcock-422475.hostingersite.com\/?s={search_term_string}"},"query-input":{"@type":"PropertyValueSpecification","valueRequired":true,"valueName":"search_term_string"}}],"inLanguage":"fr-FR"},{"@type":"Organization","@id":"https:\/\/darkorange-woodcock-422475.hostingersite.com\/#organization","name":"Douceur de Grasse","url":"https:\/\/darkorange-woodcock-422475.hostingersite.com\/","logo":{"@type":"ImageObject","inLanguage":"fr-FR","@id":"https:\/\/darkorange-woodcock-422475.hostingersite.com\/#\/schema\/logo\/image\/","url":"https:\/\/douceurdegrasse.fr\/wp-content\/uploads\/2025\/08\/Douceur-de-Grasse-1.png","contentUrl":"https:\/\/douceurdegrasse.fr\/wp-content\/uploads\/2025\/08\/Douceur-de-Grasse-1.png","width":2000,"height":2000,"caption":"Douceur de Grasse"},"image":{"@id":"https:\/\/darkorange-woodcock-422475.hostingersite.com\/#\/schema\/logo\/image\/"}}]}},"_hostinger_reach_plugin_has_subscription_block":false,"_hostinger_reach_plugin_is_elementor":false,"jetpack_sharing_enabled":true,"_links":{"self":[{"href":"https:\/\/douceurdegrasse.fr\/index.php?rest_route=\/wp\/v2\/pages\/2626","targetHints":{"allow":["GET"]}}],"collection":[{"href":"https:\/\/douceurdegrasse.fr\/index.php?rest_route=\/wp\/v2\/pages"}],"about":[{"href":"https:\/\/douceurdegrasse.fr\/index.php?rest_route=\/wp\/v2\/types\/page"}],"author":[{"embeddable":true,"href":"https:\/\/douceurdegrasse.fr\/index.php?rest_route=\/wp\/v2\/users\/1"}],"replies":[{"embeddable":true,"href":"https:\/\/douceurdegrasse.fr\/index.php?rest_route=%2Fwp%2Fv2%2Fcomments&post=2626"}],"version-history":[{"count":7,"href":"https:\/\/douceurdegrasse.fr\/index.php?rest_route=\/wp\/v2\/pages\/2626\/revisions"}],"predecessor-version":[{"id":2633,"href":"https:\/\/douceurdegrasse.fr\/index.php?rest_route=\/wp\/v2\/pages\/2626\/revisions\/2633"}],"wp:attachment":[{"href":"https:\/\/douceurdegrasse.fr\/index.php?rest_route=%2Fwp%2Fv2%2Fmedia&parent=2626"}],"curies":[{"name":"wp","href":"https:\/\/api.w.org\/{rel}","templated":true}]}}